, what is -1 + e0406?
e0405
In base 4, what is 220 - 1330302023?
-1330301203
In base 6, what is -11003355 + -1530?
-11005325
In base 16, what is 5 + -7ad5b?
-7ad56
In base 5, what is -2 + 4334404044?
4334404042
In base 12, what is 6ba + -16b4?
-bb6
In base 11, what is -53a - -10a471?
109a32
In base 11, what is -745 + 37036?
363a1
In base 9, what is 1738363 - 2?
1738361
In base 16, what is -1f2e17a - 4?
-1f2e17e
In base 8, what is 164 - 166326?
-166142
In base 13, what is -5 + 6536c47b?
6536c476
In base 11, what is 30407 - -834?
31140
In base 10, what is -6 + 18196679?
18196673
In base 3, what is -222021 + 1202?
-220112
In base 16, what is -22ed0d4 - 1?
-22ed0d5
In base 13, what is 55629ac5 + 2?
55629ac7
In base 3, what is -102201002102220 + -12?
-102201002110002
In base 14, what is -40d + -33071?
-33480
In base 13, what is -4 + 24c7718?
24c7714
In base 13, what is 4 - -52844b?
528452
In base 14, what is 6 - 154874b6?
-154874b0
In base 11, what is -25525a + 105?
-255155
In base 6, what is -4220135 + 11?
-4220124
In base 9, what is 56 - 115385?
-115328
In base 4, what is 2 - 300021111302?
-300021111300
In base 9, what is -683 + 18810?
18116
In base 12, what is -a - 11a738?
-11a746
In base 8, what is 2664736372 + 4?
2664736376
In base 2, what is -10011010101 - -111010110100010?
111000011001101
In base 9, what is 737351 + -2?
737348
In base 10, what is 3292998 - -1?
3292999
In base 10, what is 1207399 + -15?
1207384
In base 13, what is -2ca45c - 157?
-2ca5b6
In base 5, what is 1102443 - 20021?
1032422
In base 2, what is 111000001101001011 - 100111?
111000001100100100
In base 9, what is -40853 + -3410?
-44363
In base 5, what is 12220 - -104403?
122123
In base 12, what is 481a1 + -259?
47b44
In base 7, what is 1645001 - -560?
1645561
In base 12, what is -10b7053 - -6?
-10b7049
In base 4, what is -13123 + 3022121?
3002332
In base 12, what is -2 - -860643?
860641
In base 13, what is -8ab + -932b?
-9c09
In base 12, what is -74144bb6 - -5?
-74144bb1
In base 2, what is -1010101 - 101001010110011?
-101001100001000
In base 7, what is -11210504 + -260?
-11211064
In base 14, what is -5 + -d147a?
-d1481
In base 14, what is dd75ca + 11?
dd75db
In base 16, what is 531 + 427?
958
In base 8, what is 754316 + -5?
754311
In base 8, what is 436 + 44322?
44760
In base 9, what is -1 - 477448685?
-477448686
In base 7, what is 11542021 + -22?
11541666
In base 9, what is -1251836 - 67?
-1252014
In base 14, what is 6c0 + 1916?
21d6
In base 4, what is 21302 - 2011300?
-1323332
In base 7, what is 12133322 + 214?
12133536
In base 12, what is 7b85172 + -1?
7b85171
In base 9, what is 72 - 6017?
-5835
In base 10, what is 437964 - -446?
438410
In base 13, what is 4894 - a7c?
3b15
In base 6, what is 12523 - -14553?
31520
In base 13, what is -24866 + -ca?
-24963
In base 5, what is -2214 + 1442001?
1434232
In base 15, what is -9e + -16ae68?
-16b017
In base 9, what is -42330016 + 11?
-42330005
In base 14, what is -4bcd9a + 0?
-4bcd9a
In base 12, what is 721 - 2454?
-1933
In base 5, what is 10 - -313430044030?
313430044040
In base 5, what is 3413410103 + 21?
3413410124
In base 15, what is 2d94a07 + -4?
2d94a03
In base 15, what is -6790aa - 5?
-6790b0
In base 11, what is 103 + 681341?
681444
In base 3, what is -11120 - -12002110211?
12002022021
In base 9, what is 171282 - -88?
171381
In base 3, what is 210112200 - -20100100?
1000220000
In base 16, what is 3 - -24966c7?
24966ca
In base 12, what is 426 + 59534?
5995a
In base 6, what is 353 + -34340522?
-34340125
In base 10, what is -31523232 - 2?
-31523234
In base 12, what is 88794 + 286?
88a5a
In base 15, what is 865962 + 4?
865966
In base 15, what is -771 + a9a2?
a231
In base 2, what is -100110101011011111011101 + -1010?
-100110101011011111100111
In base 16, what is -7 + 1443d3?
1443cc
In base 4, what is 11 + -10031302032123?
-10031302032112
In base 14, what is -a2 + 15569b?
1555d9
In base 15, what is -4 - ece3e?
-ece43
In base 2, what is 110100110001111000101011 - 11?
110100110001111000101000
In base 6, what is -4 - -40510455024?
40510455020
In base 16, what is 12f76 + -3b?
12f3b
In base 7, what is -11 + -45130310?
-45130321
In base 4, what is 100 + -102223311231?
-102223311131
In base 13, what is c + -10a5506?
-10a54c7
In base 8, what is -3 + 200207543?
200207540
In base 7, what is 215232 - -501?
216033
In base 2, what is -10 + -10000011000101001?
-10000011000101011
In base 2, what is -101110101100100111010 + -100000?
-101110101100101011010
In base 3, what is -201201220 - 10112?
-201212102
In base 7, what is -260550 + 302?
-260245
In base 5, what is 13004042 - 111?
13003431
In base 9, what is 166383250 + 1?
166383251
In base 6, what is 5310 - -204431?
214141
In base 13, what is 2891 + -200a?
884
In base 6, what is 1231245301 + 150?
1231245451
In base 9, what is 3173 - 30471?
-26287
In base 10, what is -356757 + -27?
-356784
In base 16, what is 5 - 1b0afe8?
-1b0afe3
In base 4, what is -2301030010 - 13?
-2301030023
In base 6, what is 1245424 + -12113?
1233311
In base 7, what is -252434 + -41?
-252505
In base 11, what is 101 - 1228348?
-1228247
In base 6, what is -22324355320 + -10?
-22324355330
In base 2, what is 111000 - 11110011111000100110?
-11110011110111101110
In base 9, what is -4 - 213766048?
-213766053
In base 7, what is -25552 - 3533?
-32415
In base 5, what is 4111232313 - 1?
4111232312
In base 15, what is -69bb - 3528?
-9ee4
In base 4, what is 130212010 - -203?
130212213
In base 3, what is -222011 + 10121121?
2122110
In base 14, what is -6a - 81866?
-818d2
In base 16, what is -25396 - -15f?
-25237
In base 3, what is -121121111120 - -1222?
-121121102121
In base 7, what is 631 - -3164?
4125
In base 5, what is 2202 + 1214310?
1222012
In base 9, what is 136 - -11245?
11382
In base 10, what is 741850 - 30?
741820
In base 10, what is 159 + -56377?
-56218
In base 6, what is -12211101 - 335?
-12211440
In base 4, what is 1111 - 2301120?
-2300003
In base 11, what is 3761762 + -10?
3761752
In base 7, what is -3305 - 4663024?
-4666332
In base 13, what is -75b + 194?
-597
In base 3, what is 20221022 + 11011110?
102002202
In base 14, what is -4 - 332d1c6?
-332d1ca
In base 8, what is -1671401 + -11?
-1671412
In base 7, what is -204136622 + -2?
-204136624
In base 9, what is -8171 - 87077?
-106258
In base 3, what is -21 + -1221111011202?
-1221111012000
In base 12, what is 1a46464 + 4?
1a46468
In base 10, what is -3383431 - 5?
-3383436
In base 4, what is 3 + 1021310021220?
1021310021223
In base 12, what is 167b5336 - 5?
167b5331
In base 5, what is -1 + 1214223013?
1214223012
In base 10, what is -2 - 108654?
-108656
In base 13, what is 40b3656 + 0?
40b3656
In base 11, what is -91061 - 63?
-91114
In base 7, what is -36 - 2202343?
-2202412
In base 8, what is -320560004 - 2?
-320560006
In base 10, what is 3 + 2089195?
2089198
In base 5, what is -14444 - 3311111?
-3331110
In base 2, what is -1111100101001110000010110 + 1010?
-1111100101001110000001100
In base 12, what is 1499 - 15842?
-14365
In base 10, what is -5 + 9661412?
9661407
In base 14, what is 4a5bd - d?
4a5b0
In base 5, what is -240430 - 414034?
-1210014
In base 10, what is 5 - -22741590?
22741595
In base 11, what is -2098368 - 1?
-2098369
In base 8, what is -463 + -4521124?
-4521607
In base 9, what is -67 + 103463?
103385
In base 9, what is 1338 - -141556?
143005
In base 13, what is -183 - -10309b?
102c18
In base 16, what is -2 + -6c7b44?
-6c7b46
In base 16, what is 0 - c1bb58c?
-c1bb58c
In base 10, what is -2 - 33222060?
-33222062
In base 5, what is -14 + 142224210?
142224141
In base 6, what is -454 - -15512011?
15511113
In base 13, what is -2a892 + -172?
-2aa34
In base 12, what is -24b + 160615?
160386
In base 10, what is -52 - -522126?
522074
In base 3, what is -10202 + 12210020221101?
12210020210122
In base 9, what is 2 - 11546248?
-11546246
In base 2, what is -101 - -101101101010100011101011?
101101101010100011100110
In base 4, what is -3 - 123110001211?
-123110001220
In base 5, what is -244 + 13224132?
13223333
In base 7, what is -1525143564 - 3?
-1525143600
In base 2, what is -1011111100010 - -1101010010000?
1010101110
In base 15, what is e9bbc - -5e4?
ea2b1
In base 7, what is -2 - -12523023?
12523021
In base 8, what is -46420 + 16?
-46402
In base 8, what is 101775 + -11?
10